7
Let l = 288 + -575/2. Let q(b) be the second derivative of -2/3*b**3 + l*b**2 - b + 0. Calculate q(-1).
5
Suppose -59 - 5 = -4*j. Let f = j + -14. Suppose -4*g + 5*c = -0*c + 5, c = g + f. Let v(h) = -h - 3. What is v(g)?
2
Let g be (-72)/(-30) - (-4)/(-10). Suppose 4*f - g*t - 3*t = -16, 4*t - 20 = -4*f. Let z(j) = -8*j + 1. Let l(h) = h. Let i(v) = -2*l(v) - z(v). Calculate i(f).
5
Let y = -1 + 19. Let t(h) = 37 - y - 6*h - 21. Determine t(-2).
10
Let c(d) = -d**3 - 9*d**2 + d + 9. Let k = 346 - 355. What is c(k)?
0
Let g(j) = 3. Let u(p) = 1. Let t(z) = -6*g(z) + 17*u(z). Let k(r) = -r. Suppose -3 = 33*h - 34*h. Let a(l) = h*t(l) - k(l). Give a(4).
1
Let v(h) = -h**3 - 2*h**2 + 5*h - 2. Let u(g) = 188 + 179 - 389 - 6*g. Let d be u(-3). Determine v(d).
10
Let t(o) = 2 - o + 4*o - 4*o. Let b(j) = -11*j + 242. Let h be b(22). Determine t(h).
2
Let t(z) = -7*z**2 - z + 9. Let p(s) = -20*s**2 - 3*s + 26. Let l(c) = 6*p(c) - 17*t(c). Let f(q) = q + 3. Let d be f(3). Let g = d - 3. Calculate l(g).
-9
Let o be ((-231)/4)/(3 + 147/(-56)). Let m = o + 158. Let h(p) = p**3 - 3*p**2 - 4*p + 3. Give h(m).
3
Let p(w) = w**3 - 5*w**2 - w + 2. Suppose l - 13 = 4*u, -27 = 5*u - 7. Let g be 1/(4/(-36)*l). Suppose -2*c = -4*x + 28, x + c - g = -2. What is p(x)?
-3
Let p(o) = 15*o - 5. Let u(y) = y**2 + y - 1. Let l(d) = -p(d) - 4*u(d). Let a(n) = -n**2 - 5*n + 2. Let x(r) = 9*a(r) - 2*l(r). Calculate x(-6).
6
Let j(c) be the second derivative of -c**3/6 + 2*c**2 + 9*c. Let t = 7 + -4. Suppose 2*s = -0*s + t*h, -5*h = -5*s. Calculate j(s).
4
Let a(o) = -3*o**3 + o**2 - 2*o + 1. Let s(f) be the first derivative of -f**4/4 - 8*f**3/3 + 9*f**2/2 + f - 8. Let q be s(-9). What is a(q)?
-3
Let o = -802 + 799. Let s(q) = -q**2 - 6*q - 8. What is s(o)?
1
Let s = 0 - -1. Let m(n) be the second derivative of n**5/6 + n**4/24 + 8*n**2 - 36*n. Let o(t) be the first derivative of m(t). What is o(s)?
11
Suppose 2*y + 47 = 4*y + 3*b, 44 = 2*y + 4*b. Suppose 3*r + 3*s = 15, 0 = -3*r + 4*r - 2*s + 4. Let u(d) = -12*d + r + y*d - d**2 - 12*d. Give u(4).
2
Let k(a) = -a**2. Let m(t) = t**3 + 5*t**2 - 1. Let b(y) = -2*k(y) - m(y). Let g = 2043 + -2045. Determine b(g).
-3
Let b(c) be the third derivative of c**9/60480 + c**8/5040 + c**7/5040 + c**6/360 + 7*c**5/20 - 11*c**2. Let a(s) be the third derivative of b(s). Give a(-4).
-2
Suppose -188 = 35*z - 538. Let q(y) = -y + 18. Calculate q(z).
8
Let t(h) = h**2 - h - 2. Suppose 8*b = 12 + 4. Suppose -2*v = -b*d - 4, 4*v = 2*d + 11 - 1. What is t(v)?
4
Let l(k) = k**3 + 5*k**2 - 7*k + 5. Suppose 2*s - s + 5 = -5*q, -4*s + q = -22. Suppose -25*g + 6 = -31*g. Let p = g - s. Give l(p).
11
Suppose -16 = -3*h - 2*c, -3 - 9 = -h - 4*c. Let j(y) = 1. Let t(a) = a**2 - 2*a - 3. Let x(u) = h*j(u) + t(u). Give x(1).
0
Suppose -1262 - 906 = -8*z. Let k(s) = -3*s + 271 - z. Calculate k(3).
-9
Let u be 85/(-17) + 1/2*22. Let k(h) = -5*h + 9. Calculate k(u).
-21
Let j(q) be the first derivative of -4 + 1/20*q**5 - 1/2*q**2 - 1/2*q**3 + 4*q + 1/4*q**4. Let a(h) be the first derivative of j(h). Determine a(-4).
-5
Let q(p) = -2*p**2 + 2*p - 7 + 2*p - 13*p + p**2 + 3. Calculate q(-5).
16
Let u(x) = x**2 + 1 + 2 - 3 + 142*x - 139*x. Let y = -2 + -3. Calculate u(y).
10
Suppose -9 = 2*b - 15. Let i(w) = -2 - 6*w**b + 7*w**2 + 6*w**2 - 3*w**2 + 5*w**3 - 8*w. What is i(9)?
7
Let u(g) = 3*g - 4. Suppose 3*s + 3 - 17 = -4*y, -3*y = 5*s - 27. Calculate u(s).
14
Suppose 18*z - 17*z - 11 = 0. Let d = -10 + z. Let s(i) = -4 + 4 - i - 2*i. What is s(d)?
-3
Let v(f) be the first derivative of 57*f**4/4 + f**3/3 - f - 529. What is v(-1)?
-57
Let v(p) = 3*p**3 + 1. Let z be v(1). Suppose -z*t = 5*d - d - 40, 5*t = -d + 22. Let n(s) = s - d + 5 - 4. Calculate n(5).
-1
Let m(c) = -c**3 - 4*c**2 - 2 + 10*c + 0*c - 24*c + 9*c. Calculate m(-2).
0
Suppose -4*h + 4 = 2*s, 2*s - 4*h = s - 4. Suppose 4*u - 4 - 28 = s. Let d(n) = -124*n + 6. Let t(w) = 41*w - 1. Let g(r) = -d(r) - 3*t(r). What is g(u)?
5
Let o be (1 + -2)*(9 + 32/(-2)). Let v(c) = c**2 - 5*c + 5. Give v(o).
19
Let k(o) = -o**2 - 2*o - 11. Suppose -3*z - 8 = 7. Give k(z).
-26
Suppose 3*c - h = 13, 2*c + h = -h + 6. Let d(r) = 4*r**2 + 2*r - 2. Let g be d(-2). Let w(b) = 17 - 38 + 9 + g - b. Give w(c).
-6
Let o(k) = -1 + 2 - 2*k**3 + 7740*k - 7740*k. What is o(-1)?
3
Let s(b) be the first derivative of b**4/4 + 7*b**3/3 - 5*b**2 - 7*b + 38. Calculate s(-8).
9
Let o(t) = t**2 - 3*t - 5. Let d be o(4). Let c be -1 - d - 24/(-8). Let m(x) = -2*x - 3*x**2 + 4*x**2 + c*x. Determine m(1).
2
Let d(g) = 3*g - 188 - 3*g - 2*g + 178. Suppose -4*t - 42 = -10. Give d(t).
6
Let k(s) = -s**2 + 6*s - 43. Let r be k(9). Let d = 77 + r. Let y(j) = j**2 - 8*j - 2. Give y(d).
-9
Let d(a) be the first derivative of -a**4/4 + 2*a**3 + a**2 - 6*a - 285. Calculate d(6).
6
Let m = 362 - 360. Let n(k) = 13*k - 3. Give n(m).
23
Suppose -11*y = -8*y - 9. Let b(o) = -o**3 - 3*o**2 - 2*o + 2. Let v(a) = -a**3 - 2*a**2 - 2*a + 1. Let s(h) = 4*b(h) - 5*v(h). Give s(y).
18
Suppose 395*s = 386*s + 9. Let z(j) = -32*j**3. Give z(s).
-32
Let m(v) = 773 + 6*v**2 - 800 - 7*v**2 - 11*v. What is m(-5)?
3
Let o be (3/(-5))/(5/(-25)). Let k(a) = -2*a**3 - a + a**2 + a**3 - 3*a**o + a**2. Let d be -2 - (0 + -1 + -2). Calculate k(d).
-3
Let b(z) = -5*z + 18. Let n be b(3). Let f(o) = -o**3 + 2*o**2 + 6*o + 4. What is f(n)?
13
Let w(y) be the third derivative of y**5/60 - y**4/8 - y**3/3 + 2*y**2 + 4*y. Calculate w(3).
-2
Let j = -49 + 27. Let q = j + 18. Let f(x) = x**3 + 5*x**2 + 2*x - 4. What is f(q)?
4
Let q(f) = -23 + 90 + f**3 + 8*f - 76 - 9*f**2. Calculate q(8).
-9
Let p(n) = -n**2 + 14. Let d(h) = -2*h**3 - 13*h**2 + 3*h - 28. Let x be d(-7). Give p(x).
14
Suppose -4*x + 21*x + 17 = 0. Let w(n) = 12*n**2 - n. What is w(x)?
13
Let s(h) be the third derivative of -h**6/10 - h**4/12 + h**3/6 - 31*h**2. Determine s(1).
-13
Let m(y) = -y**3 + 3*y**2 - 3. Let p(l) = -9*l + 4. Let q be p(0). Determine m(q).
-19
Suppose -11*c = -12*c - 3. Let k(f) = -f**2 - 3*f - 3. Calculate k(c).
-3
Let q = 4 - 7. Let r(j) = j - 6. Let p(g) = -g + 7. Let n(m) = -2*p(m) - 3*r(m). Determine n(q).
7
Let g(d) = -d**2 - 10*d - 11. Suppose 12*q - 2*j = 13*q + 10, 0 = 5*q + j + 50. Give g(q).
-11
Suppose 8*z = z - 28. Suppose -5*t = -0*t - 5. Let j be 1/t*z/(-1). Let w(c) = -c**3 + 5*c**2 - 5*c + 6. What is w(j)?
2
Let r(i) = i**2 - 7*i - 2. Let l = -50 + 29. Let p = -13 - l. Calculate r(p).
6
Let q(c) be the third derivative of c**2 + 0*c + 0 + 1/3*c**3 + 1/4*c**4. Calculate q(-2).
-10
Let o be 4 - 8/((-16)/(-4)). Let t(l) = 56*l - l**o - 56*l. What is t(-5)?
-25
Suppose 89*y - 270 = 175. Let u(x) = x**2 - 10. Calculate u(y).
15
Let l be -4*(3/(-2))/1. Let x(w) be the second derivative of w**4/24 - w**3/3 - 8*w**2 - w. Let v(s) be the first derivative of x(s). Give v(l).
4
Suppose -3*w = -5*t - 21, -62 = -5*w - 2*t - 58. Let c(d) be the third derivative of 1/8*d**4 + 0*d - 1/2*d**3 + 5*d**w + 1/60*d**5 + 0. Give c(-5).
7
Let p(o) = 2*o + 2. Suppose -6 = -3*r + r. Let q(v) = -v**2 + r + 129*v + 0 - 128*v. Let z be q(0). Determine p(z).
8
Let j(u) = 2*u**2 - 3*u + 5. Let f be j(-4). Let k be 1*(-14)/f - (-122)/(-14). Let w(r) = r + 6. Determine w(k).
-3
Let x(t) be the second derivative of t**3/6 + 11*t**2/2 - 5*t - 40. Give x(-3).
8
Let m(i) = -3*i**2 + 3*i - 4. Let a(s) be the third derivative of s**4/24 + s**3/6 + s**2. Let c be a(2). What is m(c)?
-22
Let c(h) = 3*h**2 + 15*h + 8. Let g(r) = 2*r**2 - 13*r + 1. Let t be g(6). Let w(k) = -2*k**2 - 10*k - 5. Let x(l) = t*c(l) - 8*w(l). Calculate x(-4).
-4
Let b be (27/(-4))/(-3)*4/3. Suppose 2*l - 31 = b*f - 9, 5*l - 38 = -f. Let a(p) = p**3 - 9*p**2 + 9*p. Determine a(l).
8
Suppose 0 = -153*u + 158*u - 30. Let c(k) = k**3 - 7*k**2 + 9*k - 7. Give c(u).
11
Let s = 21483 - 21490. Let b(i) be the second derivative of -i**4/12 - 5*i**3/6 - i. Calculate b(s).
-14
Suppose -2*m = g + 11, 0 = -3*m - 959*g + 964*g + 16. Let v(o) = -o + 1. Let k(h) = -7*h + 5. Let w(r) = k(r) - 6*v(r). Determine w(m).
2
Suppose n = -5*b + 30, 0 = -2*n + 3*b + 15 + 19. Let c(s) = -19*s + 11 + 0*s**2 + n*s - s**2. Determine c(0).
11
Let t(a) = a**3 + 5*a**2 + 5*a + 7. Let d = -532 + 529. Give t(d).
10
Let b(i) = -1 + 4*i - 18*i**2 + 37*i**2 - 2